 common factor of 8008 and 3542.
154
Calculate the highest common factor of 1320 and 874560.
120
What is the greatest common divisor of 351 and 24921?
351
What is the highest common divisor of 1316 and 98?
14
Calculate the greatest common divisor of 58978 and 1110.
74
Calculate the greatest common factor of 5 and 14887.
1
What is the greatest common divisor of 9535 and 1950861?
1907
Calculate the highest common factor of 4222370 and 18886.
2698
What is the highest common divisor of 78816 and 4?
4
Calculate the highest common factor of 54337 and 2433.
811
What is the greatest common factor of 54926 and 13282?
58
What is the highest common divisor of 32 and 624128?
32
What is the greatest common factor of 54 and 8358?
6
What is the highest common divisor of 20248 and 312?
8
What is the highest common divisor of 93905 and 35?
35
Calculate the greatest common factor of 3 and 154455.
3
What is the greatest common factor of 70 and 508802?
14
What is the greatest common factor of 10703427 and 7?
7
What is the greatest common divisor of 35 and 4789995?
35
Calculate the highest common factor of 99 and 69507.
9
What is the greatest common factor of 400 and 10125?
25
Calculate the greatest common factor of 18072 and 72.
72
Calculate the greatest common divisor of 4260 and 4047.
213
Calculate the greatest common divisor of 24644 and 12928.
404
Calculate the greatest common divisor of 1668 and 36.
12
Calculate the greatest common factor of 79512 and 24.
24
Calculate the greatest common factor of 24592 and 288.
16
What is the highest common divisor of 232 and 7968?
8
Calculate the highest common divisor of 133 and 666197.
133
Calculate the greatest common divisor of 5098 and 2.
2
Calculate the highest common divisor of 20 and 82856.
4
What is the greatest common divisor of 52 and 119288?
52
What is the greatest common factor of 849768 and 24?
24
Calculate the greatest common divisor of 119000 and 8075.
425
What is the greatest common divisor of 17290 and 490?
70
Calculate the greatest common divisor of 66 and 825.
33
Calculate the highest common factor of 126484 and 11536.
412
What is the greatest common factor of 2 and 1954?
2
What is the greatest common factor of 1886 and 2542?
82
Calculate the highest common factor of 41 and 79253.
41
Calculate the highest common factor of 3528 and 456.
24
What is the highest common factor of 23 and 16500683?
23
What is the greatest common factor of 240 and 1513840?
80
Calculate the highest common divisor of 232 and 115246.
58
Calculate the greatest common factor of 913239 and 36.
9
Calculate the greatest common factor of 14223 and 1881.
33
What is the highest common factor of 25 and 13383775?
25
What is the highest common factor of 3315 and 20345?
65
Calculate the highest common divisor of 1036 and 6068.
148
What is the greatest common divisor of 2351049 and 51?
51
Calculate the greatest common divisor of 23175 and 103.
103
What is the greatest common divisor of 44 and 6268?
4
Calculate the highest common factor of 542316 and 1548.
516
What is the greatest common divisor of 631541 and 3268?
817
Calculate the highest common factor of 213904 and 174.
58
What is the highest common factor of 924 and 11242?
154
Calculate the highest common factor of 490 and 3122.
14
What is the greatest common divisor of 55098 and 198?
18
Calculate the highest common divisor of 819 and 2301.
39
What is the highest common factor of 133660 and 163?
163
Calculate the greatest common divisor of 102084 and 18.
6
What is the greatest common factor of 76 and 283?
1
What is the highest common divisor of 324 and 9684?
36
What is the highest common divisor of 338047 and 1313?
101
What is the greatest common divisor of 818386 and 46?
46
What is the greatest common divisor of 777 and 54649?
259
Calculate the greatest common divisor of 243 and 337122.
81
Calculate the highest common factor of 132736 and 1525.
61
What is the greatest common divisor of 12116 and 108?
4
Calculate the greatest common divisor of 4366575 and 90.
45
Calculate the greatest common factor of 69856 and 224.
32
What is the highest common factor of 7872 and 3813?
123
Calculate the highest common factor of 1 and 65363.
1
What is the highest common factor of 2128 and 112936?
152
What is the greatest common factor of 7922 and 7689?
233
Calculate the greatest common factor of 4 and 175211.
1
What is the highest common factor of 55270 and 26?
2
Calculate the highest common factor of 40 and 2616.
8
What is the highest common factor of 96575 and 100?
25
What is the greatest common factor of 36170 and 10?
10
What is the highest common divisor of 2328 and 16684?
388
Calculate the highest common divisor of 280 and 810.
10
Calculate the greatest common factor of 2470 and 284.
2
What is the greatest common divisor of 258201 and 9198?
657
What is the greatest common divisor of 117 and 16003?
13
What is the highest common factor of 12128 and 301305?
379
Calculate the highest common factor of 4611781 and 47.
47
Calculate the greatest common factor of 16 and 89424.
16
What is the greatest common factor of 36 and 51474?
6
What is the highest common factor of 194481 and 162?
81
Calculate the highest common divisor of 94342 and 4601.
43
What is the highest common divisor of 264 and 3828?
132
What is the greatest common divisor of 144 and 13928?
8
What is the greatest common divisor of 48554 and 22?
22
Calculate the highest common divisor of 108483 and 3.
3
What is the highest common factor of 4100 and 864280?
820
What is the greatest common divisor of 32 and 1029952?
32
What is the highest common divisor of 22673 and 58835?
287
What is the greatest common factor of 155873 and 10812?
901
What is the highest common divisor of 640 and 5545?
5
Calculate the greatest common divisor of 55 and 77473.
11
Calculate the highest common factor of 858 and 11427.
39
What is the highest common factor of 424 and 15976?
8
Calculate the highest common divisor of 732 and 18849.
183
Calculate the greatest common factor of 69 and 70403.
23
What is the greatest common factor of 454818 and 34?
34
What is the greatest common divisor of 88 and 110008?
8
Calculate the highest common divisor of 229622 and 518.
74
What is the highest common divisor of 1683396 and 104?
52
Calculate the highest common factor of 167 and 59.
1
What is the highest common divisor of 17301 and 3871?
79
What is the greatest common factor of 29834 and 280?
14
What is the highest common factor of 16 and 148404?
4
Calculate the highest common divisor of 419306 and 62.
62
What is the greatest common factor of 72444 and 24?
12
Calculate the highest common factor of 99329 and 96531.
1399
What is the greatest common divisor of 345 and 1809?
3
What is the greatest common factor of 24 and 441048?
24
Calculate the greatest common divisor of 55008 and 128.
32
What is the highest common factor of 434 and 116126?
62
What is the highest common divisor of 138 and 855462?
138
Calculate the highest common factor of 3438 and 1476.
18
What is the greatest common factor of 1242 and 144486?
414
What is the greatest common divisor of 17880 and 2280?
120
What is the highest common divisor of 1168 and 200?
8
Calculate the greatest common factor of 62112 and 1536.
96
Calculate the greatest common factor of 92803 and 493.
17
What is the highest common factor of 22 and 352?
22
Calculate the highest common factor of 834 and 750.
6
Calculate the greatest common divisor of 84 and 1182132.
84
Calculate the greatest common factor of 6150 and 4059.
123
What is the highest common divisor of 183 and 4319349?
183
What is the highest common divisor of 37 and 74481?
37
Calculate the greatest common divisor of 151 and 4832.
151
What is the greatest common factor of 3805 and 177313?
761
What is the highest common divisor of 377328 and 672?
336
Calculate the greatest common factor of 19512 and 57744.
72
What is the greatest common factor of 905 and 30255?
5
What is the greatest common factor of 8947 and 276?
23
What is the highest common divisor of 29096 and 776?
8
What is the greatest common factor of 206320 and 80?
80
Calculate the highest common divisor of 115839 and 1266.
633
What is the greatest common factor of 8575 and 275?
25
Calculate the highest common divisor of 649 and 3304.
59